42 + -37. What is the highest common factor of 45 and q?
5
Suppose 0*v = v - 18. Let o be -11 + 4/(-3 - -5). Let i = o - -11. Calculate the highest common factor of i and v.
2
Suppose 0 = -4*v + 5*v + 4*c - 64, -2*c + 56 = v. Calculate the highest common factor of 12 and v.
12
Let y = -78 + 144. What is the greatest common divisor of 11 and y?
11
Let b be 80/15 - (-1)/(-3). Suppose 2*j = b*j - 714. Let l be j/6 + (-3)/(-9). Calculate the greatest common factor of 10 and l.
10
Let f = -13 + 18. Suppose 2*n - 45 = -n. Suppose -f*d + 25 = -n. What is the highest common divisor of 64 and d?
8
Suppose 0*f - 9 = -f. Calculate the highest common factor of f and 1.
1
Suppose -4*t - t = 45. Let a be (t/(-3))/((-3)/(-4)). What is the highest common factor of a and 1?
1
Suppose s + 59 = r, 2*r - 30 - 73 = -3*s. Suppose 2*x + 3*q = 15, 3*x + 2*q - 24 = -q. Let j = 5 + x. What is the greatest common divisor of j and r?
14
Let r be 8/28 + 52/14. Suppose 5*f - r*f - 57 = 0. Calculate the highest common factor of 38 and f.
19
Suppose 0 = -g + 13 - 4. Suppose 0 = -0*p + 3*p + 3, 161 = 2*o + p. What is the highest common factor of o and g?
9
Let b be 2/8 - (-1)/(-4). Suppose b = -4*h + 395 - 43. Let n = -13 + 35. Calculate the highest common factor of h and n.
22
Suppose 4*m = 4*j - 416 - 452, -5*m = -2*j + 449. Suppose h + 4 = 0, q - h - j = -3*h. Calculate the greatest common divisor of q and 20.
20
Suppose 6*p - 9 = 3*p. Suppose -z + 6 = r, -5*r + 2*r - 6 = -p*z. What is the greatest common divisor of z and 1?
1
Suppose 0 = 4*c + c. Suppose c*k = -3*k + 147. What is the greatest common divisor of k and 7?
7
Suppose 0*m = -3*m + 15. What is the highest common divisor of m and 10?
5
Suppose -9 = 5*k + 1. Let a be (-10)/(3/24*k). What is the greatest common divisor of 5 and a?
5
Let q be 220/14 + 6/21. Suppose -6*k - 25 = -k. Let d = k - -13. What is the highest common divisor of d and q?
8
Suppose -4*x - g + 5*g + 464 = 0, 2*x - 4*g - 240 = 0. Let v(i) = i**3 + 9*i**2 + 5*i - 10. Let t be v(-8). What is the highest common factor of x and t?
14
Let d = -8 + 23. Calculate the highest common divisor of d and 15.
15
Suppose 2*d - 6 = 0, 0*d + 5*d = -3*k + 27. Suppose -11 - 1 = -k*c. Suppose -w = 4*w - 30. Calculate the highest common factor of w and c.
3
Let u = 9 + 0. Suppose 0 = 2*d - 5*f - 139, -3*f = -2*d + d + 69. Calculate the highest common divisor of d and u.
9
Suppose 4*d - 122 + 2 = 0. Let q be 142/5 + (-12)/d. What is the greatest common divisor of 70 and q?
14
Let u = 6 + -6. Suppose u = -3*g + 4*g - 27. Calculate the highest common divisor of g and 3.
3
Let s = -40 - -237. Suppose s = 5*y + 22. Calculate the highest common divisor of y and 14.
7
Suppose 45 = 3*i - 0. What is the highest common divisor of 75 and i?
15
Let h be 1/((-2)/((-12)/2)). Calculate the greatest common factor of 21 and h.
3
Let f(b) = -b + 84. Let p be f(-9). Suppose -3*o + 3*t = -195, t = -3*o - 0*t + 183. Calculate the greatest common factor of p and o.
31
Let t be 0 + (-3)/3 + 13. Calculate the greatest common divisor of t and 6.
6
Let a be (-4)/(-18) + (-248)/(-18). Let y be 7/a - (-62)/4. Calculate the highest common divisor of y and 4.
4
Let k be (-1)/(-3) + 32/3. Suppose -4*l - 115 = -599. Calculate the highest common factor of l and k.
11
Let m(w) = -47*w**3 - 2*w**2 - w - 1. Let a be m(-1). What is the greatest common factor of a and 18?
9
Suppose 0 = z - 14 - 42. Suppose 56 = -4*t + 8*t. Calculate the greatest common factor of t and z.
14
Let r be 44 + 0/(2 + 0). Suppose 2*j - 29 - 31 = -i, 72 = i - 2*j. Calculate the greatest common divisor of r and i.
22
Let o(v) = 2*v**2 + 4 - 16*v + 24*v - v**2. Let t be o(-8). Calculate the greatest common factor of 1 and t.
1
Suppose -3*u - 2*u = -25. Suppose 3*a - 4*c - 318 = -c, -4*a + u*c = -425. What is the greatest common factor of a and 42?
21
Let t be ((-6)/18)/(2/(-18)). Suppose 18 + 18 = t*i. Let v = 1 + i. What is the highest common factor of 91 and v?
13
Suppose 0 = n - 31 - 11. What is the greatest common factor of 42 and n?
42
Suppose 0 = -0*z - 3*z + 3. Let y = z - -3. Suppose 0 = -0*f + 3*f - 3. Calculate the greatest common divisor of f and y.
1
Suppose 2*o + z = 21, -2*z - 27 = -3*o + z. Let y = 4 + 0. What is the highest common divisor of o and y?
2
Let w(g) = -35*g - 1. Let l be w(-2). Let n = -29 + l. What is the highest common factor of n and 8?
8
Suppose -v = 4*v. Suppose 0 = -v*m + 2*m - 36. Calculate the greatest common factor of m and 2.
2
Let n be (-2)/10 - (-351)/5. Let h = 10 - -18. What is the greatest common factor of n and h?
14
Suppose 97 = 4*g - 5*x, -g - 3*x = 2*g - 39. Suppose 19 = -5*c + 79. Let l = g - c. Calculate the highest common divisor of l and 15.
3
Let j(a) = -2*a + 34. Let l be j(13). What is the greatest common divisor of l and 104?
8
Let h = 1 + -1. Suppose -3*y - 4*d + 19 = h, 2*y + d - 11 = -0*d. Let n = y + 2. Calculate the highest common factor of n and 14.
7
Let p be (-2)/4 - (-14)/4. Let r(v) = -2*v + 1. Let g(s) = -s. Let m(o) = p*r(o) - 4*g(o). Let h be m(-4). Calculate the greatest common divisor of h and 99.
11
Let r = -16 + 18. What is the greatest common factor of r and 18?
2
Suppose -3*o + 15 = -0*o. Suppose -v - 340 = -o*v. Calculate the highest common factor of v and 34.
17
Let p(u) = u**3 - 8*u**2 + 7*u - 1. Let h be p(7). Let r = -16 - h. Let j = r - -31. What is the greatest common divisor of 8 and j?
8
Let z = 169 + -166. What is the greatest common factor of 6 and z?
3
Let q be (-105)/(-20)*(2 + 2). Calculate the greatest common divisor of q and 189.
21
Suppose 3*s = i + 227, -i - 4*i - 147 = -2*s. What is the greatest common factor of s and 19?
19
Let c(j) = j. Suppose 5*v - 3*v = 16. Let y be c(v). Calculate the greatest common divisor of 4 and y.
4
Let b(g) = 2*g**2 + 4*g + 8. Let p be b(-2). What is the highest common divisor of 4 and p?
4
Let b(h) = -14*h**2 - 7*h + 7. Let g(x) = 7*x**2 + 3*x - 3. Let w(s) = 4*b(s) + 9*g(s). Let p be w(1). Calculate the greatest common factor of p and 7.
7
Let i be 1 + 1/(-1 - -2). Suppose -5*t + 4*k = 23 - 121, 50 = i*t + 2*k. What is the highest common divisor of t and 11?
11
Let i be 1 + -1 - -113 - 2. Suppose -i - 98 = -t. Calculate the greatest common divisor of 19 and t.
19
Let d = 11 + -4. Let t = d - 3. What is the greatest common divisor of t and 4?
4
Let i be -8 + (-2 - -2) + 1. Let n be (i - -5) + (-184)/(-2). Suppose c = -0*c + n. Calculate the greatest common factor of 10 and c.
10
Let o be (-2 + 0)/((-14)/441). What is the greatest common divisor of 9 and o?
9
Let m be 5*(57/(-15) + 4). Calculate the highest common factor of m and 9.
1
Suppose 0 = -r + 2*b + 9, 14*r = 16*r + b + 2. Suppose -6*m + 2*l = -m - 11, -5*l - 10 = 5*m. What is the highest common divisor of m and r?
1
Let x be (1 - -2) + -3 + -6. Let h be ((-242)/x)/(3/9). Calculate the highest common factor of h and 11.
11
Let k = 24 - 10. Suppose 38 = 5*z - 4*r, -z = -5*z - 5*r + k. What is the greatest common factor of z and 18?
6
Let p(t) = t**3 - t + 15. Suppose 0 = -5*u + u. Let a be p(u). Let n be 4/8 - (-478)/4. Calculate the greatest common divisor of n and a.
15
Let v(s) = -s**3 + 18*s**2 - 14*s - 41. Let x be v(17). Let m be 2/(-6) - (-271)/3. Calculate the greatest common divisor of x and m.
10
Suppose 3 - 1 = c. Suppose 0 = c*f - 3*f + 8. What is the highest common factor of f and 72?
8
Suppose -3*i - 3*c = -3 - 6, 5*i = c + 9. Calculate the highest common factor of i and 2.
2
Let r be -5 + 3 - 148/(-2). What is the highest common factor of r and 8?
8
Let r(j) = j**2 - j. Let d(p) = -22*p**2 - 5*p - 3. Let v(f) = -d(f) + 3*r(f). Let a be v(-2). What is the highest common factor of a and 11?
11
Suppose 4*m - b - 39 = 0, 5*b - b + 26 = 3*m. Calculate the greatest common factor of m and 25.
5
Let o = 18 + -12. Let w = o - 1. Suppose 54 = w*x + 4. What is the highest common divisor of 4 and x?
2
Let x = 67 - 55. Calculate the highest common divisor of x and 96.
12
Suppose -6*m + 2*m - 3*d = -44, -m + 5*d = 12. Let w be m/6*(-2 - -5). Suppose -w*x + 43 = 7. Calculate the greatest common factor of x and 81.
9
Suppose -336 = 4*d - 6*d. What is the highest common divisor of d and 24?
24
Let z = -311 - -527. Suppose 0 = 3*h - 6*h + z. Suppose 3